{"id":24,"date":"2012-07-06T08:09:35","date_gmt":"2012-07-06T06:09:35","guid":{"rendered":"https:\/\/renate-thalhammer.de\/?page_id=24"},"modified":"2023-07-27T16:55:31","modified_gmt":"2023-07-27T14:55:31","slug":"impressum","status":"publish","type":"page","link":"https:\/\/renate-thalhammer.de\/?page_id=24","title":{"rendered":"Impressum"},"content":{"rendered":"<h1><\/h1>\n<hr \/>\n<blockquote>\n<h3 style=\"text-align: center;\"><strong><em>&#8230;die Teilung einer Linie, deren gr\u00f6\u00dfere Teil sich zum kleineren Teil verh\u00e4lt, wie dieser zur ganzen Linie<\/em><\/strong><\/h3>\n<\/blockquote>\n<ul>\n<li style=\"list-style-type: none;\">\n<ul>\n<li style=\"list-style-type: none;\">\n<ul>\n<li style=\"list-style-type: none;\">\n<ul>\n<li style=\"list-style-type: none;\">\n<ul>\n<li style=\"text-align: left;\">\n<pre><span style=\"color: #ff0000;\">Renate Thalhammer<\/span><\/pre>\n<\/li>\n<\/ul>\n<\/li>\n<\/ul>\n<\/li>\n<\/ul>\n<\/li>\n<\/ul>\n<\/li>\n<\/ul>\n<pre><!--more--><a style=\"color: #0000ff;\" href=\"mailto:renate.thalhammer@web.de\"><span style=\"color: #00ff00;\"><span style=\"color: #333399;\">e<\/span><\/span><\/a><span style=\"color: #00ff00;\"><span style=\"color: #333399;\">-mail:\u00a0 renate.thalhammer@web.de<\/span><\/span><\/pre>\n<hr \/>\n","protected":false},"excerpt":{"rendered":"<p>&#8230;die Teilung einer Linie, deren gr\u00f6\u00dfere Teil sich zum kleineren Teil verh\u00e4lt, wie dieser zur ganzen Linie Renate Thalhammer<\/p>\n","protected":false},"author":1,"featured_media":0,"parent":0,"menu_order":0,"comment_status":"closed","ping_status":"closed","template":"","meta":[],"_links":{"self":[{"href":"https:\/\/renate-thalhammer.de\/index.php?rest_route=\/wp\/v2\/pages\/24"}],"collection":[{"href":"https:\/\/renate-thalhammer.de\/index.php?rest_route=\/wp\/v2\/pages"}],"about":[{"href":"https:\/\/renate-thalhammer.de\/index.php?rest_route=\/wp\/v2\/types\/page"}],"author":[{"embeddable":true,"href":"https:\/\/renate-thalhammer.de\/index.php?rest_route=\/wp\/v2\/users\/1"}],"replies":[{"embeddable":true,"href":"https:\/\/renate-thalhammer.de\/index.php?rest_route=%2Fwp%2Fv2%2Fcomments&post=24"}],"version-history":[{"count":16,"href":"https:\/\/renate-thalhammer.de\/index.php?rest_route=\/wp\/v2\/pages\/24\/revisions"}],"predecessor-version":[{"id":568,"href":"https:\/\/renate-thalhammer.de\/index.php?rest_route=\/wp\/v2\/pages\/24\/revisions\/568"}],"wp:attachment":[{"href":"https:\/\/renate-thalhammer.de\/index.php?rest_route=%2Fwp%2Fv2%2Fmedia&parent=24"}],"curies":[{"name":"wp","href":"https:\/\/api.w.org\/{rel}","templated":true}]}}